45 and 275.
55
What is the greatest common divisor of 6325 and 33143?
253
Calculate the greatest common factor of 1133750 and 12698.
1814
What is the greatest common divisor of 6715 and 17765?
85
Calculate the greatest common factor of 386 and 6.
2
What is the highest common divisor of 3663 and 552299?
407
Calculate the highest common divisor of 26236 and 140.
28
Calculate the greatest common factor of 224 and 51184.
112
What is the greatest common factor of 259413 and 39732?
231
Calculate the greatest common divisor of 1956 and 792.
12
What is the greatest common divisor of 6972322 and 1047?
349
What is the greatest common factor of 4300 and 26660?
860
Calculate the greatest common divisor of 4526524 and 344.
172
Calculate the greatest common divisor of 114 and 13509.
57
Calculate the greatest common factor of 464 and 83462.
58
Calculate the highest common divisor of 46977 and 63.
21
What is the highest common divisor of 4 and 1692000?
4
Calculate the greatest common divisor of 308 and 4081.
77
Calculate the greatest common factor of 1406 and 1413733.
703
What is the greatest common divisor of 7032032 and 224?
224
Calculate the highest common divisor of 6624 and 135378.
414
Calculate the greatest common divisor of 231671 and 121.
11
Calculate the highest common factor of 756 and 200676.
84
What is the highest common factor of 16716 and 4767?
21
What is the highest common factor of 6502911 and 4383?
1461
What is the highest common factor of 12945 and 45?
15
Calculate the greatest common factor of 924 and 103236.
84
Calculate the highest common divisor of 55 and 29227.
11
Calculate the greatest common divisor of 308 and 391006.
154
What is the greatest common factor of 824648 and 176?
88
What is the highest common factor of 14325 and 1337?
191
What is the greatest common factor of 457 and 695?
1
Calculate the greatest common factor of 2376 and 4401.
27
What is the highest common divisor of 580475 and 1240?
155
Calculate the greatest common factor of 17176 and 608.
152
What is the greatest common factor of 1812 and 651414?
906
Calculate the greatest common factor of 14922 and 2718.
18
What is the greatest common factor of 1120 and 14140?
140
Calculate the highest common divisor of 60 and 14124.
12
Calculate the highest common factor of 990 and 82854.
18
What is the greatest common divisor of 3479 and 931?
49
What is the highest common factor of 9012 and 36?
12
What is the highest common factor of 147771 and 52?
13
What is the greatest common divisor of 2934216 and 83?
83
Calculate the greatest common divisor of 84 and 170457.
21
Calculate the greatest common factor of 18954 and 35646.
78
What is the highest common factor of 326541 and 267?
267
Calculate the greatest common factor of 340 and 40494.
34
Calculate the highest common factor of 313863 and 1122.
33
Calculate the highest common factor of 210 and 250068.
42
Calculate the highest common divisor of 1794 and 34944.
78
What is the greatest common divisor of 1078 and 61072?
22
What is the highest common divisor of 13096 and 200?
8
What is the highest common divisor of 15795 and 25545?
195
Calculate the greatest common factor of 752864 and 8.
8
Calculate the greatest common factor of 2928 and 25104.
48
Calculate the greatest common divisor of 192 and 2928.
48
What is the highest common factor of 286 and 1196?
26
Calculate the highest common factor of 39515 and 35.
35
Calculate the greatest common divisor of 165699 and 2052.
513
Calculate the greatest common divisor of 6817 and 18045.
401
Calculate the highest common divisor of 1408 and 2398.
22
Calculate the greatest common divisor of 2046 and 48949.
31
What is the highest common factor of 438225 and 1875?
75
What is the highest common divisor of 4695304 and 1544?
1544
Calculate the highest common divisor of 52 and 709033.
13
What is the greatest common factor of 50200 and 2500?
100
What is the highest common factor of 54550 and 6?
2
Calculate the highest common divisor of 1058 and 763278.
46
Calculate the highest common divisor of 127125 and 90.
45
What is the greatest common divisor of 255 and 2116330?
85
Calculate the greatest common factor of 67405 and 2074.
1037
Calculate the greatest common divisor of 8731 and 1.
1
Calculate the highest common factor of 22 and 935.
11
What is the highest common factor of 671 and 1281?
61
Calculate the highest common factor of 57414 and 1526.
14
Calculate the highest common divisor of 45 and 5598.
9
Calculate the greatest common factor of 59304 and 168.
168
Calculate the greatest common divisor of 18 and 19594.
2
What is the highest common divisor of 41241 and 85278?
699
What is the highest common factor of 89 and 23?
1
Calculate the greatest common divisor of 148 and 1569170.
74
What is the highest common factor of 96 and 33828?
12
Calculate the greatest common factor of 2507 and 109.
109
Calculate the greatest common factor of 478318 and 1244.
622
Calculate the greatest common factor of 203 and 107387.
203
Calculate the greatest common divisor of 37804 and 208.
52
What is the highest common factor of 532 and 1732724?
532
Calculate the greatest common divisor of 18 and 11601.
9
What is the highest common divisor of 97 and 100201?
97
Calculate the greatest common factor of 1201200 and 240.
240
Calculate the greatest common factor of 104850 and 100.
50
Calculate the highest common factor of 6452035 and 865.
865
Calculate the greatest common divisor of 150134 and 1626.
542
Calculate the greatest common divisor of 1 and 41497.
1
Calculate the highest common factor of 600 and 661140.
60
What is the greatest common divisor of 42698 and 481?
37
Calculate the highest common factor of 3608 and 374.
22
What is the greatest common divisor of 84 and 135276?
12
What is the highest common divisor of 328284 and 1746?
18
What is the highest common factor of 2788 and 112668?
164
What is the greatest common divisor of 36 and 106884?
36
What is the greatest common factor of 344 and 1926744?
344
What is the greatest common factor of 34 and 7706?
2
What is the highest common divisor of 185604 and 6?
6
What is the greatest common divisor of 1182 and 12214?
394
Calculate the highest common divisor of 49 and 622475.
7
What is the highest common factor of 39321 and 2958?
51
Calculate the highest common factor of 433 and 9.
1
What is the highest common factor of 63 and 75075?
21
What is the greatest common divisor of 22320 and 400?
80
What is the highest common factor of 1872 and 3600?
144
Calculate the greatest common divisor of 1207 and 82433.
17
What is the highest common divisor of 246135 and 122?
61
What is the greatest common factor of 25 and 583?
1
Calculate the highest common divisor of 2163 and 1470.
21
Calculate the greatest common factor of 82411 and 2379.
61
What is the greatest common divisor of 1 and 778109?
1
Calculate the highest common divisor of 37908 and 312.
156
Calculate the highest common factor of 496944 and 2176.
272
Calculate the highest common divisor of 32 and 761920.
32
What is the greatest common divisor of 8424 and 7176?
312
Calculate the greatest common factor of 38 and 3288178.
38
Calculate the greatest common factor of 4 and 31684.
4
Calculate the greatest common factor of 106 and 62063.
53
Calculate the highest common factor of 17850 and 2210.
170
What is the highest common factor of 2956 and 27343?
739
Calculate the highest common factor of 162 and 30213.
81
Calculate the greatest common factor of 4232 and 10626.
46
What is the greatest common divisor of 267769 and 1073?
37
Calculate the highest common factor of 815 and 1793.
163
What is the highest common divisor of 162 and 262278?
162
What is the greatest common factor of 24 and 68416?
8
Calculate the greatest common divisor of 1088 and 179792.
272
What is the highest common factor of 720 and 29160?
360
What is the greatest common factor of 9207 and 84447?
99
Calculate the greatest common divisor of 547520 and 480.
160
What is the greatest common divisor of 352 and 678359?
11
What is the greatest common factor of 13040 and 135?
5
What is the highest common factor of 24549 and 441?
147
What is the highest common factor of 603 and 64119?
201
Calculate the greatest common factor of 72330 and 240.
30
Calculate the greatest common divisor of 9